base 3) to base 10.
1173153
3567253 (base 8) to base 12
3b23a3
2218 (base 10) to base 14
b46
-4b36 (base 12) to base 11
-6462
What is 368b7c (base 13) in base 6?
43544355
What is 13e24f (base 16) in base 4?
10332021033
-1115521 (base 6) to base 9
-86164
Convert -11011222120 (base 3) to base 4.
-110012331
What is -201544303 (base 6) in base 13?
-93a98c
What is 2100330414 (base 5) in base 7?
51422310
Convert 6d1c5 (base 15) to base 7.
2646452
165612053 (base 7) to base 13
2491151
1225831 (base 9) to base 6
22143514
What is 6125572 (base 9) in base 2?
1100011101000110100100
Convert 141030 (base 8) to base 4.
30020120
Convert 1b82255 (base 12) to base 2.
10110011110101011100001
e2544 (base 15) to base 3
1100102010001
What is 581609 (base 11) in base 9?
1658085
Convert -57d98f (base 16) to base 10.
-5757327
Convert 3c277 (base 14) to base 4.
210103001
Convert 11a19b (base 15) to base 12.
3485b5
What is 11152000 (base 6) in base 4?
1103110200
Convert 240233324 (base 5) to base 15.
16b944
Convert -255640 (base 7) to base 9.
-72331
What is 31034 (base 8) in base 11?
9702
What is -392343 (base 12) in base 2?
-11100100110001100011
What is 166476 (base 10) in base 13?
5aa0b
What is -6665056 (base 7) in base 11?
-51228a
What is -5587263 (base 10) in base 6?
-315430543
Convert -60226 (base 10) to base 15.
-12ca1
What is 5b8db (base 15) in base 10?
292256
What is 2557726 (base 10) in base 15?
357ca1
What is -1011110101111101010 (base 2) in base 4?
-1132233222
What is -634478 (base 9) in base 3?
-201011112122
-142534 (base 9) to base 15
-1ac77
2881348 (base 10) to base 2
1010111111011101000100
What is -21202220020 (base 4) in base 8?
-11425010
What is -1391b3 (base 13) in base 8?
-1643610
Convert -122323203 (base 4) to base 13.
-3b292
Convert -6737 (base 8) to base 10.
-3551
What is -9cc4 (base 16) in base 8?
-116304
668801 (base 10) to base 5
132400201
Convert 16a15 (base 14) to base 13.
1cb5a
-44407 (base 10) to base 12
-21847
Convert -129c (base 16) to base 4.
-1022130
Convert -312100104 (base 6) to base 10.
-5419912
-1111101010000101 (base 2) to base 4
-33222011
11110100000010110 (base 2) to base 9
210353
What is 13033003 (base 4) in base 7?
152254
What is -102323 (base 11) in base 8?
-500405
-12255332 (base 6) to base 13
-10b611
Convert -40126052 (base 7) to base 13.
-8c2253
11000010110000110111 (base 2) to base 5
201012001
What is 218137 (base 10) in base 12?
a62a1
What is -2a61a6 (base 11) in base 4?
-1310120333
Convert 77686 (base 9) to base 15.
10449
-145339a (base 11) to base 3
-11200200100110
Convert 916a2 (base 11) to base 14.
36b50
23232014 (base 5) to base 4
303220311
Convert 5343206 (base 7) to base 8.
2364273
What is -4287350 (base 9) in base 5?
-1042123431
Convert -565000 (base 7) to base 10.
-100156
What is -2073160 (base 8) in base 5?
-120221413
What is -3122321101 (base 5) in base 13?
-144a063
346466 (base 11) to base 8
2062563
Convert 33361 (base 15) to base 3.
22021021101
Convert -253005551 (base 6) to base 13.
-1027513
9d480 (base 15) to base 3
221102120210
465288 (base 9) to base 3
112012022222
What is -10322221313 (base 4) in base 2?
-100111010101001110111
201536 (base 9) to base 4
131013201
18058720 (base 9) to base 8
42472067
What is -21516d (base 14) in base 2?
-100010011011010001101
Convert -24121034 (base 5) to base 10.
-223269
2122201211 (base 3) to base 11
36320
Convert -3454454 (base 6) to base 13.
-633a0
-12122112200 (base 3) to base 14
-2c752
303234 (base 6) to base 16
5e06
Convert -b5b7c (base 13) to base 15.
-66dcd
What is -11323233 (base 4) in base 6?
-304303
What is -80b9 (base 15) in base 4?
-12220212
What is -25c57c (base 13) in base 11?
-573800
-43171 (base 16) to base 3
-111221221211
3552430 (base 6) to base 10
185922
Convert -13542554 (base 6) to base 5.
-104331424
-2422011 (base 5) to base 2
-1011000011001000
Convert -904c3 (base 16) to base 2.
-10010000010011000011
Convert 37ae2a (base 16) to base 12.
127b88a
377257 (base 8) to base 5
13140420
4351a (base 11) to base 5
4010213
Convert 103111313 (base 5) to base 2.
1101011110001110010
3256405 (base 7) to base 11
254167
411264 (base 7) to base 8
210744
Convert -98ead3 (base 15) to base 8.
-33634361
144191 (base 14) to base 6
23021351
Convert -2161153 (base 8) to base 11.
-3684aa
Convert -311423022 (base 6) to base 8.
-24462366
Convert -2101222031 (base 4) to base 16.
-91a8d
What is 1575062 (base 8) in base 15?
90746
Convert -2050431 (base 6) to base 7.
-564262
What is 11023535 (base 6) in base 4?
1100210303
Convert -33521322 (base 6) to base 7.
-11453246
Convert -42230203 (base 5) to base 4.
-1111322320
What is -311826 (base 13) in base 7?
-12512112
Convert 332d8 (base 16) to base 11.
133548
c8458 (base 15) to base 10
635483
What is -127b13 (base 12) in base 13?
-a84a7
What is -4b3b85 (base 12) in base 3?
-2022111122102
-213104052 (base 6) to base 11
-2157922
Convert 2278271 (base 9) to base 10.
1232965
-332557 (base 9) to base 12
-97021
1101111010110111 (base 2) to base 7
325140
103212331231 (base 4) to base 3
100200011012201
c79508 (base 13) to base 4
101311213211
-19ba98 (base 13) to base 14
-130656
-3d9730 (base 15) to base 12
-bb1899
What is 153105351 (base 6) in base 7?
36303556
-35922 (base 13) to base 11
-67879
-2132c0 (base 16) to base 13
-5b23b0
Convert -122033101 (base 7) to base 2.
-11101001101000000101011
-3564a51 (base 12) to base 5
-10121204231
What is -597341 (base 14) in base 10?
-3054717
What is -16947222 (base 10) in base 3?
-1011220000012220
Convert 1e7929 (base 15) to base 4.
11230230312
Convert -246685 (base 9) to base 8.
-443437
c95b7 (base 14) to base 13
140785
What is -111100111111110100 (base 2) in base 12?
-100704
What is 540763 (base 9) in base 14?
85561
Convert -3616077 (base 10) to base 15.
-4b666c
What is 101010001000010000 (base 2) in base 14?
46c5a
121211210120 (base 3) to base 5
41102143
What is 1390bc (base 15) in base 3?
1202211220120
11796603 (base 10) to base 15
1080453
What is -10000100020 (base 3) in base 10?
-59298
203410314 (base 5) to base 16
cd676
Convert 46d68 (base 16) to base 5.
33241102
What is -6206061 (base 7) in base 3?
-1101200022000
Convert 1212111221 (base 4) to base 14.
aca93
What is 7b808 (base 13) in base 14?
5c23c
Convert -8607738 (base 9) to base 6.
-242501355
What is -1224343 (base 6) in base 5?
-4101144
Convert -121653260 (base 7) to base 11.
-4350794
83901 (base 12) to base 10
172369
-111243123 (base 5) to base 6
-14324522
What is -17131123 (base 8) in base 2?
-1111001011001001010011
Convert 3dbd09 (base 16) to base 4.
33123310021
What is 21120001200 (base 3) in base 11?
a1848
What is 1312302310 (base 4) in base 10?
486580
Convert -3312043003 (base 5) to base 12.
-2485b7b
-321517 (base 9) to base 12
-92937
What is 5a18a (base 15) in base 10?
287230
Convert 570a6 (base 14) to base 11.
134943
Convert 1132155 (base 8) to base 10.
308333
What is -23115545 (base 6) in base 9?
-1302182
What is 6631691 (base 10) in base 16?
65310b
10101010110010101 (base 2) to base 4
111112111
29a8d (base 16) to base 11
107225
11b1fc (base 16) to base 7
12566660
What is -11020230 (base 6) in base 7?
-2540661
What is -583a6 (base 12) in base 16?
-1cd2e
Convert -1ab74bb (base 13) to base 15.
-ba32b4
What is 10000001010001010000110 (base 2) in base 8?
20121206
Convert 10001011001001000000011 (base 2) to base 14.
86980b
What is 112120002222 (base 3) in base 13?
a0595
51baa (base 14) to base 16
3020a
What is d8c88 (base 16) in base 9?
1603024
Convert 1534506 (base 7) to base 14.
56a06
Convert -7e7db (base 16) to base 5.
-113034412
Convert -102522104 (base 6) to base 3.
-10102012112111
What is 1011001000011010110 (base 2) in base 13?
ca044
Convert -1011011001010011 (base 2) to base 8.
-133123
-421354 (base 6) to base 10
-34054
Convert 181336 (base 10) to base 16.
2c458
-751755 (base 8) to base 11
-161526
-76c39 (base 15) to base 16
-5c223
Convert 214766 (base 9) to base 8.
372312
-36522341 (base 7) to base 14
-610458
What is 530788 (base 11) in base 5?
204200441
1212222110 (base 3) to base 6
444020
2b8692 (base 12) to base 15
e9658
Convert 2211212010102 (base 3) to base 16.
17153f
What is 12214310 (base 7) in base 11?
689801
Convert 2245414 (base 8) to base 3.
1010221102220
Convert -5aabb (base 14) to base 6.
-4430045
Convert a1